64
Calculate the highest common divisor of 987 and 858606.
21
Calculate the greatest common divisor of 948727 and 893.
19
What is the highest common divisor of 1860695 and 1133?
103
Calculate the highest common divisor of 71546 and 98438.
166
What is the greatest common divisor of 15752 and 235831068?
7876
What is the highest common divisor of 363630 and 41159754?
3162
Calculate the greatest common divisor of 1664 and 38373088.
416
Calculate the greatest common factor of 39057597 and 426.
213
What is the greatest common factor of 69939 and 11506590?
171
What is the greatest common factor of 32064541 and 344?
43
Calculate the greatest common divisor of 1507829 and 10807.
101
What is the highest common factor of 2897 and 251285780?
2897
What is the highest common factor of 174493 and 3973?
29
Calculate the greatest common factor of 1292 and 21211828.
76
Calculate the highest common divisor of 10241 and 3730517.
931
Calculate the highest common divisor of 229551 and 2499.
357
Calculate the highest common factor of 109556 and 5246.
122
Calculate the highest common factor of 2169 and 2057888637.
2169
Calculate the highest common factor of 14010 and 30630.
30
What is the greatest common factor of 110 and 83691190?
110
What is the greatest common divisor of 586135 and 3740?
55
What is the highest common factor of 38 and 196139546?
38
What is the greatest common divisor of 2146553 and 202?
101
What is the highest common factor of 170044 and 665?
7
What is the highest common factor of 6962403498 and 3606?
3606
What is the highest common divisor of 7146062 and 240394?
1078
Calculate the greatest common factor of 434788 and 9344.
292
What is the highest common divisor of 123966666 and 216?
54
Calculate the greatest common divisor of 3978898 and 770.
154
Calculate the greatest common divisor of 156 and 56944212.
156
What is the greatest common divisor of 564452 and 77?
7
What is the greatest common divisor of 812649 and 1652487?
3021
What is the highest common divisor of 3717 and 736601607?
3717
Calculate the greatest common factor of 43344 and 8036.
28
Calculate the greatest common factor of 10399208 and 265609.
1759
What is the greatest common factor of 2656 and 157202?
166
What is the highest common divisor of 10281720 and 376?
376
Calculate the highest common factor of 132619765 and 5545.
5545
Calculate the greatest common factor of 7678 and 166578049.
3839
Calculate the highest common factor of 3882231 and 3007.
97
What is the greatest common divisor of 147744695 and 21?
7
Calculate the highest common divisor of 12712 and 141456.
56
What is the greatest common factor of 907569056 and 12256?
12256
What is the highest common factor of 123165 and 6400555?
805
Calculate the greatest common factor of 890 and 442570.
10
Calculate the greatest common factor of 64402 and 9958.
26
Calculate the greatest common divisor of 60025 and 21275.
25
What is the greatest common factor of 938 and 52633994?
938
What is the highest common factor of 18067689 and 2736?
171
What is the highest common factor of 103232 and 1016?
8
What is the greatest common factor of 20 and 23548170?
10
What is the highest common divisor of 120 and 106152495?
15
Calculate the highest common divisor of 2479 and 974046.
67
What is the highest common divisor of 6270 and 23883?
57
Calculate the highest common divisor of 2202055 and 3145.
185
What is the greatest common factor of 198 and 212818089?
33
Calculate the highest common factor of 322184 and 236385.
1751
What is the highest common divisor of 617 and 6151490?
617
Calculate the greatest common factor of 664886010 and 30.
30
Calculate the highest common divisor of 4374 and 5803101.
9
Calculate the highest common factor of 52 and 173353934.
26
What is the highest common factor of 558443509 and 39?
13
What is the greatest common divisor of 380528 and 544?
272
What is the highest common divisor of 125225261 and 3836?
959
What is the greatest common factor of 2537 and 96788141?
43
What is the greatest common factor of 1680 and 28137795?
105
Calculate the greatest common divisor of 141 and 218691141.
141
What is the greatest common factor of 3407 and 288787541?
3407
What is the highest common factor of 217566 and 14536?
158
Calculate the highest common divisor of 2755 and 678421505.
2755
Calculate the highest common factor of 2266512 and 2622.
138
Calculate the highest common factor of 608707 and 451.
11
Calculate the greatest common divisor of 434595 and 4002413.
4139
What is the highest common factor of 45396 and 64125342?
1746
What is the highest common divisor of 9 and 1013?
1
Calculate the greatest common divisor of 1049828370 and 15.
15
Calculate the highest common divisor of 45325196 and 28.
28
What is the greatest common divisor of 37 and 341456387?
37
What is the greatest common factor of 1045 and 262466?
19
Calculate the greatest common divisor of 19703614 and 1918.
1918
Calculate the greatest common factor of 1263495 and 131.
131
What is the highest common factor of 1072 and 233791408?
1072
Calculate the highest common factor of 307073 and 2498375.
1817
What is the highest common factor of 2420 and 736285?
605
What is the highest common divisor of 251220 and 13356?
636
Calculate the highest common factor of 6012903 and 1664.
13
Calculate the greatest common divisor of 95 and 12948044.
19
Calculate the greatest common factor of 36 and 39727251.
9
Calculate the highest common divisor of 7348160 and 10.
10
Calculate the highest common factor of 5147556 and 900.
12
Calculate the highest common divisor of 54 and 3251808.
18
What is the greatest common divisor of 7887 and 5826342?
717
What is the greatest common divisor of 420 and 89355120?
60
What is the highest common divisor of 915 and 55603635?
915
What is the highest common factor of 8948 and 7621459?
2237
Calculate the highest common divisor of 8844213 and 2688.
21
Calculate the greatest common divisor of 37105511 and 29579.
2689
Calculate the greatest common factor of 6708618 and 7.
7
What is the highest common divisor of 515002752 and 2208?
2208
What is the greatest common factor of 95934 and 27966?
354
Calculate the highest common divisor of 1378792 and 27683.
893
What is the greatest common factor of 360526355 and 28?
7
What is the greatest common factor of 858026 and 621712?
1586
Calculate the greatest common divisor of 15783184 and 5402.
146
Calculate the highest common divisor of 456 and 9627414.
114
Calculate the highest common divisor of 81 and 1325423493.
81
What is the highest common divisor of 319 and 8854406?
11
What is the highest common factor of 528 and 860436896?
176
Calculate the highest common divisor of 42827100 and 36.
12
What is the highest common divisor of 39445 and 85505?
245
Calculate the highest common factor of 8198510 and 50.
10
Calculate the highest common divisor of 175 and 440713.
7
What is the greatest common divisor of 94 and 1521763462?
94
What is the greatest common divisor of 28 and 1459916?
4
Calculate the greatest common divisor of 25980 and 39820.
20
Calculate the greatest common divisor of 24 and 38522040.
24
What is the highest common factor of 17234 and 94934?
14
Calculate the highest common factor of 38653670 and 230.
10
What is the highest common factor of 24273 and 726516?
837
Calculate the greatest common factor of 29625 and 4717485.
1185
Calculate the greatest common factor of 1039565525 and 409.
409
Calculate the highest common divisor of 7911673 and 1221.
407
What is the greatest common divisor of 155635 and 1377?
17
What is the greatest common factor of 20 and 1297325?
5
Calculate the greatest common factor of 5352 and 651575226.
1338
What is the highest common divisor of 110 and 5506589?
11
What is the highest common divisor of 1836 and 5026428?
108
What is the highest common divisor of 738920 and 735?
245
Calculate the highest common divisor of 134075 and 2819900.
4325
Calculate the greatest common factor of 113 and 207859319.
113
Calculate the highest common factor of 6007931134 and 94.
94
What is the highest common factor of 4709 and 10149901?
17
Calculate the greatest common factor of 340713 and 3249.
9
Calculate the highest common divisor of 20664 and 518784.
168
Calculate the greatest common divisor of 9440926 and 124333.
1